(-1 - -6) + -8) - (700 + -649)
-42
What is the value of -51 - (-10 - -16) - -3?
-54
What is the value of -54 + (-72 - -250) - 72?
52
30 + (66 - (52 + -33))
77
-19 + 2 + 0 - (-161 - (-47 + -108))
-11
Calculate 2 + 14 + 102 - (194 + -198).
122
Calculate -137 - (-113 + 133 - (4 + 55)).
-98
What is 58 + (-23 - 1) - 63?
-29
-3 + -13 + -2 + -17 + 27 - 30
-38
Evaluate (0 - (-1 - 2)) + 2 + -75 + 11 + 22.
-37
Calculate 14 - 1 - (503 - 558).
68
What is -62 - ((2 - (3 + -1)) + (2304 - 2316))?
-50
What is the value of -171 + (28 - -51) - -223?
131
Evaluate (21 - 6) + -61 + 16 + 27.
-3
Calculate 3 + ((-5 - -1) + -112 + 115 - -4).
6
(69 + -99 - -175) + -69
76
(16 - 10) + 3 + -13 + 84 + 0
80
Evaluate (-13 - 2) + (7 - -17) + -50.
-41
Evaluate -21 - (-98 - -62) - (-1 - 4).
20
Calculate -19 + (135 + 10 + -12 - 9) + 2.
107
Evaluate 737 + -745 + (-29 - -4) + 3.
-30
Evaluate 79 - (-46 - (29 - 134)).
20
Evaluate 0 - (-46 + 67 - 50).
29
Evaluate 8 + -1 - (-20 + -13 - (-6 - (-4 + -10))).
48
Calculate (-3 + 1 - -16) + (-27 - -95 - 79).
3
-77 - (396 + -381 - (-10 + 4 + 1))
-97
Calculate -221 + 208 + (-2 - (-4 - 0)) + -2.
-13
What is (-3 - (14 - 8)) + (72 - (31 + -21))?
53
Calculate -44 + 1 - (18 + -37 + -20 + 34).
-38
What is the value of -31 + (-39 - (40 - 28 - -6))?
-88
Calculate -22 + 41 + (292 - 385).
-74
What is the value of -29 - (14 + (153 - 182 - (-1 + -10)))?
-25
What is ((21 + -8 - -10) + -8 - 51) + 9?
-27
Calculate (1 - (-13 + 7) - -4) + 17 + (13 - 7).
34
What is the value of (-11 - (20 - 37) - (0 - -3) - 19) + 83?
67
53 - (-10 - -4 - 5 - (-15 + 27 + -30))
46
Calculate -39 - (40 + -169) - 115.
-25
What is the value of -2 + -26 - (-334 - -287)?
19
Evaluate -17 + -18 + 11 - -22 - (0 - -8) - 67.
-77
Calculate -22 - (-21 + -22 + (-15 - -36)).
0
What is the value of -17 + (13 - -26) + -5?
17
What is the value of (262 - 208) + -42 + -2?
10
Evaluate -9 + (-10 + -8 - -51).
24
What is -100 + 63 + -28 + 12?
-53
(0 + 1 - 77) + 41 + -7 + -43 - 8
-93
Calculate -27 + -29 + 79 - (8 + 15).
0
(-18 - (-13 - -14)) + 14 + (-24 - (4 + -7))
-26
Calculate (-705 - -681) + 17 + 5.
-2
Calculate 43 - -11 - 19 - (-22 + 0).
57
What is -1 - -58 - ((-41 - -2 - -81) + -31)?
46
Calculate -34 - (9 + 7 + -44).
-6
Calculate -36 - (-34 + (11 - (8 + -11))).
-16
9 - (0 + (1 - -4) - (32 - 21))
15
Evaluate -93 - ((51 - 90) + -12).
-42
What is 1370 - 1365 - (4 - (15 - -1 - -4))?
21
What is -35 + (74 - 24) + 64?
79
What is -8 + -8 + -47 - (17 + (-2 - 5))?
-73
What is (146 - 182) + (69 - 18)?
15
Evaluate 142 + (-402 - -231) + (1 - -17).
-11
Calculate -120 + 93 + (13 - 24 - (2 + 4)).
-44
(-6 - -6 - (8 - (15 + (-1 - 7)))) + -63
-64
What is -21 + 63 - 44 - 115?
-117
Calculate 13 + 1 + -2963 + 2961.
12
Evaluate -8 + 2 + (11 + -3 - -4) + -48 + 58.
16
Calculate (101 + 11 - 98) + 91 + 5.
110
-9 + (-4 + 1 - 2) + (-21 - -20)
-15
What is -22 + 2 + -2 - (-40 + -9 + 15)?
12
What is the value of -26 + (74 - (42 + (5 - 25)))?
26
Evaluate -3 + -102 + 50 + 0 + -36.
-91
Calculate -74 - 16 - (-8 - -28 - 36 - (1 + -7)).
-80
Evaluate 3 + 7 + -27 + 9 + -1 + 10.
1
What is the value of (31 - 120) + (-26 - -60)?
-55
18 + (-33 - 4) - -71 - 4
48
What is (-32 - -19) + 35 + (-1 - 42)?
-21
What is (-31 - (53 - 130)) + -34?
12
What is the value of (-42 - 14) + (-44 - -133)?
33
(0 + -24 - (104 - 107)) + 28
7
115 + -171 + (-3 - -21)
-38
Calculate (101 - 14) + -125 + -77.
-115
-4 - ((10 + -1 - (20 - 9)) + 3 + -143)
138
What is 83 + -58 - (-5 + -23) - (12 + 1)?
40
What is the value of -20 - (50 - (20 - (4 + 13) - 3))?
-70
Evaluate (40 - (2 - -2 - 7 - -1)) + (22 - 25).
39
-75 + 78 + (67 - -1 - 4 - -1)
68
-57 - ((27 - -20) + -19 + 6)
-91
What is the value of 0 + -12 - (1247 - 1280)?
21
What is the value of 110 + -85 + (4 - 102) + (-2 - -1)?
-74
(3 - (4 - 146)) + (29 - 18) + -22
134
What is the value of -4 + -50 + (5 + 0 - -11 - 20)?
-58
Evaluate -36 - 14 - -41 - (6 - 1 - (117 + -1)).
102
What is (-29 - 0) + 183 + 4 + -190?
-32
Calculate -33 - (17 + -40) - (-1 - (-3 + -2)).
-14
What is 10 - -30 - (10 + 0 + (8 + -24 - -15))?
31
What is the value of -5 + (9 + (-8 - -9) - (1 + 3))?
1
Evaluate (-27 - 71) + -10 - (-57 + 17).
-68
75 - (-7 - (-17 - (26 + -30)))
69
What is (-945 - -950 - (2 + (-7 - -2))) + 32?
40
Evaluate 29 + -24 + 0 + (2 - 2).
5
What is the value of 25 + 3 + -30 + (-26 + 61 - 6)?
27
Evaluate -50 + 85 + (8 - 22 - -83).
104
What is (-68 - -16) + -84 + 100?
-36
Calculate 102 + -118 - -110 - (-1 - 4).
99
14 + (-10 - (-62 + 3)) + 7 + (-3 - 1)
66
Evaluate 1 + 51 + (-4734 - -4673).
-9
What is the value of (-6 - (4 - 44 - -5)) + 117 + -129?
17
-11 + 2 + 23 - 15
-1
What is -1 + (11 + -22 - (-18 - -13))?
-7
What is the value of 19 + (-20 - -1) + (740 - 651)?
89
Evaluate -50 + (-8 - (-81 - -80)).
-57
32 + 46 + (-38 - -50 - -2)
92
What is -43 + (-20 - (-21 - 10))?
-32
What is the value of 151 + -35 + -146 + -115?
-145
(-21 - 21) + 29 + 11 + 6
4
-17 + 15 + 3 + -12 + (-6 - 36)
-53
Evaluate -2 - 7 - (-108 - (-136 - -77)).
40
Calculate -17 + 16 - 37 - (6 - (11 - 5)).
-38
Evaluate -102 + (94 + -28 - 16) - 95.
-147
What is (13 - -18) + -31 - (-6 - (-3 - 2))?
1
What is the value of 31 + -59 + 59 + 38?
69
What is 42 - ((9 - 22) + 37) - 67?
-49
Evaluate 69 - ((-33 - -10) + 62).
30
What is the value of -35 + 20 + -2 + -25 + -15?
-57
What is (0 - (12 - -46)) + (10 + -8 - -10)?
-46
Calculate -19 + 60 + -89 + 107.
59
Evaluate -33 + -2 - (283 - 290) - (-14 + 2).
-16
Calculate -42 + 63 + -25 - (-7 - (0 + -4) - 98).
97
What is 28 - (11 - (-15 + 19)) - 15 - 10?
-4
Evaluate (-7 - -10) + 1 + 36 + -2.
38
What is 47 + -29 + -7 + 26?
37
What is -30 - (0 + -65) - (94 - -14)?
-73
What is the value of (35 - -1) + -15 - -8 - 11?
18
Evaluate 3 + 0 + -63 + 113 + -79.
-26
101 + (67 - 161) - (50 + -2)
-41
What is the value of (423 - 430) + 30 + -14?
9
What is -63 - -1 - ((7 - -19) + (481 - 525))?
-44
Calculate 7 - 52 - -13 - ((-2 - -5) + 6).
-41
Calculate 76 + 0 + -55 + 35.
56
What is the value of -15 - ((19 - 4) + -25 - -6)?
-11
What is the value of 0 - 10 - (-6929 + 6855)?
64
Evaluate -1698 + 1665 - (-66 - 1).
34
Evaluate 3 + -11 + -2 - (1000 - 1016).
6
Evaluate 5 + (16 - (0 - -17)).
4
Calculate 9 + -9 - 34 - (13 - 92).
45
Calculate 12 - (2232 - 2226 - (2 + -2 - -17)).
23
What is -2 - (-33 + 99) - 17?
-85
14 + -4 + -18 + 0 + 4 + 11
7
Evaluate -2 - (-52 - 53 - (-10 - 1)) - (26 - 21).
87
-4 + 122 + (-2 - (-10 + 1)) - 14
111
Evaluate ((10 - 3) + 0 - ((1 - 2) + 4)) + -20.
-16
What is (-9 - -12) + (1 + 21 - (-111 + 114))?
22
Evaluate -7 + (-20 + (4 - -10) - 7) + (1 - -1).
-18
What is the value of -58 - (123 + -89 + -24 + 2 - (10 - -5))?
-55
What is -3 + (-17 - -33 - (-19 - -23))?
9
Evaluate (-11 + -11 + 17 - (-101 - 5)) + 12.
113
Evaluate -73 - -130 - ((16 - -9) + -15).
47
Calculate 30 + -13 - (-64 + 46).
35
Evaluate -20 + -3 - (74 + -85 + 37).
-49
-10 - (-17 + -56 - (-47 - -3))
19
Calculate (-31 - -39) + 95 + -211.
-108
Calculate -9 - (0 - (-5 - 6) - ((-5 - -15) + 37)).
27
What is 26 + -23 + -21 - 6?
-24
Evaluate -50 - 20 - (-3 - 119).
52
Evaluate (8 + -2 + -13 - -11) + (23 - 16).
11
What is the value of 3 + 2 + (0 - 7 - (-213 - -204)) + -6?
1
(-47 + 46 - (12 + -23)) + -19
-9
0 - (-776 + 795 - (13 - -1))
-5
Evaluate 1 + (-4 - -15) - (67 - (-10 - 19) - 16).
-68
What is 5 + 11 - (-65 + 77) - 39?
-35
Evaluate 19 + (-10 - -24) + -19 + -6.
8
-58 + 135 - 88 - (-90 - -2)
77
Calculate -14 - (-60 + (122 - 19)).
-57
Calculate 80 + -49 + (30 - 31).
30
What is the value of (-308 - -362) + (-5 + (-5 - -8) + 4 - 1)?
55
What is the value of -3 + -7 + (-13 - -67) - (6 - -9)?
29
Calculate -19 + 1 - (-3 + (-3 - -25)).
-37
What is -2 - 29 - -61 - -28 - (2 - (15 - 3))?
68
What is -889 + 1056 - (1 + 44) - -9?
131
Calculate 9 + ((14 - 41) + 28 - -9).
19
What is the value of (-59 - (-133 - -7)) + -124?
-57
What is the value of 79 - (-101 + 47 + 138)?
-5
Calculate (-2 - ((-5 - 2 - -4) + (-26 - -17))) + -34.
-24
Calculate -23 + -6 - (-297 + 208).
60
Calculate -21 + -18 + 57 - (10 - -11).
-3
Evaluate -6 + (408 - 420 - (0 - (2 - 9))).
-25
Calculate 12 + (-15 - (-178 - -66)).
109
5 + -2 - 52 - (124 - 116)
-57
Calculate 0 + 2 + 1 - (8304 + -8361).
60
What is the value of -39 + (-32 + 17 - -13 - (-15 - (-7 + 1)))?
-32
Evaluate -3 + 14 + 14 + 0 + -9 + 4.
20
Calculate -58 + 26 + 29 + -22 + 9.
-16